{"id":493,"date":"2023-05-02T09:10:19","date_gmt":"2023-05-02T07:10:19","guid":{"rendered":"https:\/\/datorhjalp.se\/web\/?page_id=493"},"modified":"2024-05-08T18:13:14","modified_gmt":"2024-05-08T16:13:14","slug":"reparation-av-datorer","status":"publish","type":"page","link":"https:\/\/datorhjalp.se\/web\/reparation-av-datorer\/","title":{"rendered":"Reparation av Datorer"},"content":{"rendered":"\n<p>Datorhj\u00e4lp utf\u00f6r \u00e4ven reperation av datorer. H\u00e4r nedan \u00e4r lite exempel p\u00e5 vad det kostar. <\/p>\n\n\n\n<p class=\"has-text-align-center has-x-large-font-size\"><strong>H\u00e5rddiskbyte <\/strong><\/p>\n\n\n\n<figure class=\"wp-block-image size-full\"><img loading=\"lazy\" decoding=\"async\" width=\"1024\" height=\"1024\" src=\"https:\/\/datorhjalp.se\/web\/wp-content\/uploads\/2023\/12\/winchester-minne.jpg\" alt=\"\" class=\"wp-image-698\" srcset=\"https:\/\/datorhjalp.se\/web\/wp-content\/uploads\/2023\/12\/winchester-minne.jpg 1024w, https:\/\/datorhjalp.se\/web\/wp-content\/uploads\/2023\/12\/winchester-minne-300x300.jpg 300w, https:\/\/datorhjalp.se\/web\/wp-content\/uploads\/2023\/12\/winchester-minne-150x150.jpg 150w, https:\/\/datorhjalp.se\/web\/wp-content\/uploads\/2023\/12\/winchester-minne-768x768.jpg 768w\" sizes=\"auto, (max-width: 1024px) 100vw, 1024px\" \/><figcaption class=\"wp-element-caption\">Exempel p\u00e5 hur en  fullh\u00f6jd 5 1\/4&#8243; h\u00e5rddisk kan se ut.  <\/figcaption><\/figure>\n\n\n\n<p>Vill du snabba upp din dator, eller \u00e4r kanske din h\u00e5rddisk trasig? Vi byter ut h\u00e5rddisken i din dator, oavsett om det \u00e4r en station\u00e4r dator eller en laptop. I priset ing\u00e5r arbetet med att klona din gamla h\u00e5rddisk. Observera att priset inte inkluderar en ny h\u00e5rddisk.<\/p>\n\n\n\n<p><strong>Pris 700:-  H\u00e5rddiskbyte och kloning<\/strong><\/p>\n\n\n\n<p><strong>Pris 800:- H\u00e5rddiskbyte d\u00e5 vi m\u00e5ste installera om operativsystemet ( MacOS \/ Windows \/ Linux ) <\/strong><\/p>\n\n\n\n<p class=\"has-text-align-center has-x-large-font-size\"><strong>Batteribyte laptop<\/strong><\/p>\n\n\n\n<figure class=\"wp-block-image size-full is-resized\"><a href=\"Batteribyte p\u00e5 laptop\"><img loading=\"lazy\" decoding=\"async\" width=\"1024\" height=\"1024\" src=\"https:\/\/datorhjalp.se\/web\/wp-content\/uploads\/2023\/12\/image-7.png\" alt=\"\" class=\"wp-image-694\" style=\"width:649px;height:auto\" srcset=\"https:\/\/datorhjalp.se\/web\/wp-content\/uploads\/2023\/12\/image-7.png 1024w, https:\/\/datorhjalp.se\/web\/wp-content\/uploads\/2023\/12\/image-7-300x300.png 300w, https:\/\/datorhjalp.se\/web\/wp-content\/uploads\/2023\/12\/image-7-150x150.png 150w, https:\/\/datorhjalp.se\/web\/wp-content\/uploads\/2023\/12\/image-7-768x768.png 768w\" sizes=\"auto, (max-width: 1024px) 100vw, 1024px\" \/><\/a><figcaption class=\"wp-element-caption\">Byte av batteri p\u00e5 laptop.<\/figcaption><\/figure>\n\n\n\n<p>B\u00f6rja du f\u00e5 d\u00e5lig laddtid p\u00e5 din laptop? Moderna laptopar har inbyggda batteriet.<\/p>\n\n\n\n<p><strong>Batteriet kostar olika beroende p\u00e5 modell och kvalit\u00e9 , men sj\u00e4lvaste arbete kostar 500:- inkl. moms<\/strong><\/p>\n\n\n\n<figure class=\"wp-block-image size-full\"><img loading=\"lazy\" decoding=\"async\" width=\"1024\" height=\"1024\" src=\"https:\/\/datorhjalp.se\/web\/wp-content\/uploads\/2023\/12\/image-8.png\" alt=\"\" class=\"wp-image-700\" srcset=\"https:\/\/datorhjalp.se\/web\/wp-content\/uploads\/2023\/12\/image-8.png 1024w, https:\/\/datorhjalp.se\/web\/wp-content\/uploads\/2023\/12\/image-8-300x300.png 300w, https:\/\/datorhjalp.se\/web\/wp-content\/uploads\/2023\/12\/image-8-150x150.png 150w, https:\/\/datorhjalp.se\/web\/wp-content\/uploads\/2023\/12\/image-8-768x768.png 768w\" sizes=\"auto, (max-width: 1024px) 100vw, 1024px\" \/><figcaption class=\"wp-element-caption\">Trasig RAM g\u00f6r datorn instabil och f\u00f6r lite RAM g\u00f6r datorn l\u00e5ngsam. <\/figcaption><\/figure>\n\n\n\n<p>En modern dator beh\u00f6ver vanligtvis mellan 4 GB och 16 GB RAM, beroende p\u00e5 arbetsuppgifter och operativsystem. Ett knep f\u00f6r att g\u00f6ra datorn snabbare \u00e4r att uppgradera med mer RAM (Random Access Memory). RAM-minne finns i flera varianter, vilka varierar beroende p\u00e5 datorns generation och modell.<\/p>\n\n\n\n<p><strong>Arbeteskostnad 300:- plus kostnader f\u00f6r minne.<\/strong><\/p>\n\n\n\n<p class=\"has-text-align-center has-x-large-font-size\"><strong>Byte tangentbord p\u00e5 laptop<\/strong><\/p>\n\n\n\n<figure class=\"wp-block-image size-large\"><img decoding=\"async\" src=\"https:\/\/datorhjalp.se\/img\/byta-tgb.jpg\" alt=\"Byte av tangentbord. \"\/><figcaption class=\"wp-element-caption\">Byta tangentbord p\u00e5 Laptop<\/figcaption><\/figure>\n\n\n\n<p>Tangentbord f\u00f6r b\u00e4rbara datorer kan skilja v\u00e4ldig mycket \u00e5t. Vi byter tangentbord p\u00e5 din b\u00e4rbara datorer. <\/p>\n\n\n\n<p><strong>Pris 500:- inkl. moms exkl tangentbord<\/strong><\/p>\n\n\n\n<p class=\"has-text-align-center has-x-large-font-size\"><strong>Byta fl\u00e4kt laptop<\/strong><\/p>\n\n\n\n<figure class=\"wp-block-image aligncenter size-large is-resized\"><img loading=\"lazy\" decoding=\"async\" width=\"886\" height=\"1024\" src=\"https:\/\/datorhjalp.se\/web\/wp-content\/uploads\/2023\/03\/IMG_0734-886x1024.jpg\" alt=\"Fl\u00e4ktbyte laptop\" class=\"wp-image-299\" style=\"width:443px;height:512px\" srcset=\"https:\/\/datorhjalp.se\/web\/wp-content\/uploads\/2023\/03\/IMG_0734-886x1024.jpg 886w, https:\/\/datorhjalp.se\/web\/wp-content\/uploads\/2023\/03\/IMG_0734-260x300.jpg 260w, https:\/\/datorhjalp.se\/web\/wp-content\/uploads\/2023\/03\/IMG_0734-768x887.jpg 768w, https:\/\/datorhjalp.se\/web\/wp-content\/uploads\/2023\/03\/IMG_0734-1330x1536.jpg 1330w, https:\/\/datorhjalp.se\/web\/wp-content\/uploads\/2023\/03\/IMG_0734-1773x2048.jpg 1773w\" sizes=\"auto, (max-width: 886px) 100vw, 886px\" \/><figcaption class=\"wp-element-caption\">B\u00f6rja fl\u00e4kten l\u00e5ta?<\/figcaption><\/figure>\n\n\n\n<p>St\u00e4nger datorn av sej vid h\u00f6g belastning? L\u00e5ter fl\u00e4kten konstig? Ett vanligt problem med datorer som har n\u00e5gra \u00e5r p\u00e5 nacken, \u00e4r att det bli varma. En vanlig orsak \u00e4r att fl\u00e4kten har tappar kylningf\u00f6rm\u00e5ga , d\u00e4rav blir datorn on\u00f6dig varm.<\/p>\n\n\n\n<p>Vi byte b\u00e5de fl\u00e4kt och kylpasta p\u00e5 din dator.<\/p>\n\n\n\n<p><strong>Pris arbete 500:- plus ny fl\u00e4kt<\/strong><\/p>\n","protected":false},"excerpt":{"rendered":"<p>Datorhj\u00e4lp utf\u00f6r \u00e4ven reperation av datorer. H\u00e4r nedan \u00e4r lite exempel p\u00e5 vad det kostar. H\u00e5rddiskbyte Vill du snabba upp din dator, eller \u00e4r kanske din h\u00e5rddisk trasig? Vi byter ut h\u00e5rddisken i din dator, oavsett om det \u00e4r en station\u00e4r dator eller en laptop. I priset ing\u00e5r arbetet med att klona din gamla h\u00e5rddisk. [&hellip;]<\/p>\n","protected":false},"author":1,"featured_media":0,"parent":0,"menu_order":0,"comment_status":"closed","ping_status":"closed","template":"","meta":{"footnotes":""},"class_list":["post-493","page","type-page","status-publish","hentry"],"_links":{"self":[{"href":"https:\/\/datorhjalp.se\/web\/wp-json\/wp\/v2\/pages\/493","targetHints":{"allow":["GET"]}}],"collection":[{"href":"https:\/\/datorhjalp.se\/web\/wp-json\/wp\/v2\/pages"}],"about":[{"href":"https:\/\/datorhjalp.se\/web\/wp-json\/wp\/v2\/types\/page"}],"author":[{"embeddable":true,"href":"https:\/\/datorhjalp.se\/web\/wp-json\/wp\/v2\/users\/1"}],"replies":[{"embeddable":true,"href":"https:\/\/datorhjalp.se\/web\/wp-json\/wp\/v2\/comments?post=493"}],"version-history":[{"count":8,"href":"https:\/\/datorhjalp.se\/web\/wp-json\/wp\/v2\/pages\/493\/revisions"}],"predecessor-version":[{"id":888,"href":"https:\/\/datorhjalp.se\/web\/wp-json\/wp\/v2\/pages\/493\/revisions\/888"}],"wp:attachment":[{"href":"https:\/\/datorhjalp.se\/web\/wp-json\/wp\/v2\/media?parent=493"}],"curies":[{"name":"wp","href":"https:\/\/api.w.org\/{rel}","templated":true}]}}